f s and v.
1
Let q = -5 + 7. Suppose -q = o - 2*o. Suppose x - 2 - 3 = 0. Calculate the greatest common divisor of o and x.
1
Let p(u) = u - 2. Let b be p(6). Let l = 35 + -15. What is the highest common divisor of b and l?
4
Let z be 3 - (3 - (-4 + 60)). Suppose i = -3*i + z. What is the greatest common factor of i and 70?
14
Let g = -374 - -574. Calculate the greatest common divisor of 25 and g.
25
Suppose 0 = 4*w + 4*f - 20, 2 = -2*f + 4*f. Suppose w*x - 44 = 4*y, 53 = 3*x - 0*x + 2*y. Calculate the greatest common divisor of x and 6.
3
Suppose k = -4*k. Let t be -2 + 74 + 0 + k. Let j = -7 + 16. Calculate the greatest common divisor of j and t.
9
Let j be 130 + (6 - (3 - 0)). What is the highest common divisor of j and 19?
19
Let s = -17 + 11. Let b(u) = 2*u**2 + 11*u - 1. Let a be b(s). What is the greatest common factor of a and 25?
5
Let w be 1/(1 + 48/(-51)). Calculate the highest common divisor of 153 and w.
17
Suppose u - 5 = -2. Suppose 0 = u*h + 2*h - 175. Let t = 24 + -17. What is the greatest common factor of t and h?
7
Suppose -2*w = -4*q + 4, 0*w - 19 = 2*w - q. Let s = w + 24. Suppose -5*h = -6*h + 24. Calculate the highest common factor of s and h.
12
Let z be (-1)/6 + 388/24. Calculate the greatest common divisor of 16 and z.
16
Suppose 3*f - 39 - 321 = 0. Suppose 0*u = u - f. What is the highest common divisor of 15 and u?
15
Let q be 4*(-4 - -7) + 1. What is the highest common factor of q and 169?
13
Let k(f) = f**2 - 10*f - 8. Let b be k(11). Suppose -d + 52 = b*d. What is the highest common factor of 13 and d?
13
Suppose -2*h = 3*h - 300. Calculate the highest common factor of h and 30.
30
Let h(r) be the first derivative of r**3/3 + 11*r**2/2 + 7*r + 4. Let g be h(-13). Calculate the highest common factor of 22 and g.
11
Let l(o) = -4*o. Let v be l(-4). Suppose -v = 8*f - 10*f. Calculate the highest common factor of 88 and f.
8
Suppose -3*y + 10 = 2*m + y, 5*m - 37 = -4*y. Suppose k - 9 = -0*k. What is the greatest common divisor of k and m?
9
Suppose 5*k + 20 = 5*r, 3*r = -4*k + 8 + 18. Let o = 15 - 12. Let y(i) = i**2 + i. Let f be y(o). Calculate the greatest common divisor of r and f.
6
Suppose 2*s = -4*r + 2*r + 24, 4*s = 5*r + 12. What is the highest common divisor of 28 and s?
4
Let c be 92 + -1 + -3 + 3. What is the highest common divisor of c and 13?
13
Let x(d) = d**3 + 24*d**2 + 21*d - 25. Let g be x(-23). What is the highest common factor of g and 147?
21
Suppose 5*s = -2*d - 110, 0*d + 5*s = 2*d + 110. Let r be 6*(-1)/5*d. What is the greatest common divisor of 6 and r?
6
Let i = 4 - -1. Suppose w - 3*n - 50 = 0, -3*w = -n - 164 + 54. What is the highest common factor of w and i?
5
Let n(y) = 3*y - 5. Let x(c) = -13*c - 2. Let v be x(-1). Let o be n(v). Calculate the highest common divisor of 252 and o.
28
Let r(d) = 27*d**2 - 4*d + 2. Suppose 4*b = -5*k + 18, 2*k - 5*k = b - 8. Let l be r(b). Let w = -32 + l. Calculate the highest common divisor of 10 and w.
10
Let a be (1 - 2)/(1/(-45)). Suppose 27*m = 3*m + 120. What is the highest common divisor of m and a?
5
Suppose -5*b + 10*b = -625. Let v = 229 + b. What is the greatest common divisor of v and 26?
26
Suppose -f + 30 = 6. Suppose x - l = -3*x + f, 0 = -x + l + 3. What is the highest common factor of 49 and x?
7
Let q be (-46)/(-4)*(3 - 1). Calculate the greatest common factor of q and 207.
23
Let d(f) = 0*f + 0*f - 2 + f. Let r be d(7). Calculate the highest common factor of 25 and r.
5
Let m = -5 + 11. Suppose t + i = m, -t - 4*i = -3*t - 18. Let w be (-10)/(-4)*(3 - t). What is the highest common factor of w and 5?
5
Let z = -46 + -2. Suppose -2*x - 21 = x. Let i be (x/4)/(6/z). What is the highest common divisor of 35 and i?
7
Let v = -18 + 45. Suppose -7 = 2*l - v. Calculate the greatest common factor of l and 10.
10
Let r be (-40)/8*(-6)/10. Suppose 2*o = -r*s + 83, -3*s + 204 = 5*o + s. Calculate the highest common factor of o and 8.
8
Suppose -48 = 2*k - 4*k. Suppose -3*q + 24 - 6 = 0. What is the greatest common factor of q and k?
6
Suppose -2*t - 6 = 2*g, 5*g - g - 2*t - 6 = 0. Suppose 0 = -a - g*a + 37. Let p = a + -25. Calculate the highest common factor of 84 and p.
12
Let h(y) = -y**2 + 19*y + 1. Let r be h(17). Calculate the greatest common divisor of r and 105.
35
Let b(r) = -6*r**3 + r. Let j be b(-1). What is the highest common factor of j and 1?
1
Suppose -5*w + 0*c - 25 = 4*c, w + 16 = -3*c. Let b be w - 2/(4/(-162)). Suppose 34*o - 795 + 115 = 0. Calculate the greatest common factor of o and b.
20
Suppose -3*c = -n - 1, -c = -7*n + 2*n + 9. Suppose n*t = 3 + 9. Suppose -g - 16 = -2*k, -2*k + 3*g + 23 = -1. What is the highest common divisor of k and t?
6
Let d be 10906/171 + (-4)/(-18). What is the highest common divisor of d and 8?
8
Let c be (-1 + -1)/(1/(-8)). Let b = -16 + 4. Let y be (3 + -123)*8/b. Calculate the highest common divisor of y and c.
16
Let y = -5 + -3. Let q = 14 + y. Calculate the highest common divisor of 48 and q.
6
Suppose -4*x + 4485 = -2235. Let n be x/75 - (-2)/(-5). Calculate the greatest common factor of n and 33.
11
Suppose -3*p = 4*q - 93, 2*p + 4 = -q + 71. Let n(a) = a**2 + 6*a - 10. Let z be n(-7). Let r be 43/3 + 1/z. What is the greatest common factor of r and p?
7
Let d(p) = 18*p**2 + p - 1. Let r be d(1). Calculate the greatest common divisor of 90 and r.
18
Let r(z) = 3*z**2 - 6*z + 5. Let m be r(4). Suppose 0 = -4*b, 4*k - m = 4*b + 19. What is the greatest common factor of k and 60?
12
Suppose 0*t - 2*t + 198 = 0. What is the greatest common factor of 9 and t?
9
Let y = -67 - -79. What is the greatest common divisor of y and 42?
6
Let w = -33 + 49. Let y(c) = 35*c**2 + 2*c. Let v be y(2). Calculate the greatest common divisor of v and w.
16
Let o(w) = -w**3 - w + 4. Let x be o(0). Let l be 0 - 14*x/(-8). Calculate the highest common divisor of l and 49.
7
Suppose 0*w = w - 23. Calculate the highest common divisor of w and 69.
23
Let o = -4 + 29. Suppose 12*l = 17*l. Suppose 2*b - 12 - 8 = l. What is the greatest common factor of b and o?
5
Let y(z) = -z**3 - 5*z**2 + z + 7. Let b be y(-5). Suppose -2*a = a, 0 = -5*i - b*a + 825. Calculate the greatest common factor of 15 and i.
15
Suppose c = -0*c + 4. Suppose 16 = f - 3*o - 1, -c*f + o + 57 = 0. Calculate the greatest common divisor of 21 and f.
7
Let y be (2 - -8)*28/10. What is the highest common factor of y and 7?
7
Let t = 20 + -1. What is the greatest common divisor of t and 171?
19
Let j be 6/(2/1) + -3. Suppose 3*w + w + u - 32 = j, 32 = 4*w + 5*u. Calculate the greatest common divisor of w and 32.
8
Let g = -23 - -12. Suppose -18 = 6*t + 24. Let d = t - g. What is the highest common factor of 2 and d?
2
Let j(a) be the third derivative of -a**4/12 - 7*a**3/3 + 5*a**2. Let c be j(-11). What is the highest common factor of 4 and c?
4
Let t be (-17)/3*(17 + -20). Calculate the greatest common divisor of 289 and t.
17
Suppose -2*o + 316 + 78 = -2*m, 2*m = o - 198. Calculate the highest common factor of 49 and o.
49
Suppose n - 2*n + 5 = 0. Suppose 0 = n*s - 2*s - 66. What is the highest common divisor of 33 and s?
11
Let b be ((-35)/3)/(-5)*3. Suppose -b*m + 20 = -2*m. What is the greatest common divisor of m and 1?
1
Let h = 18 + 103. Calculate the greatest common factor of 11 and h.
11
Suppose -3*z + 6 = 0, -8*f = -3*f + z - 202. What is the highest common factor of 8 and f?
8
Let y(d) = 0*d - 2*d + d**3 - 5*d**2 + 2*d**2. Let g be y(4). What is the highest common factor of g and 40?
8
Suppose 2*g - 9 - 1 = 0. Suppose -2*r = g*v - 43, -20 = -r + 2*v - 4*v. Calculate the greatest common divisor of r and 56.
14
Suppose 0 = -5*l + 495. Suppose -p + 21 + l = 0. Suppose p = 2*v + 2*h, v - 2*h + 7*h - 80 = 0. Calculate the greatest common factor of 5 and v.
5
Let q = 20 + 8. Suppose -a = -4*i - q, 4*i - 117 = -5*a - 25. Calculate the highest common divisor of a and 10.
10
Suppose 0 = -0*v + 4*v - 604. Let q = 224 - v. Let f = q - 38. Calculate the highest common divisor of f and 5.
5
Let i be 98/4*18/3. Suppose 0 = -2*f + 6, 5*h + 2*f - i = -2*f. What is the greatest common factor of 18 and h?
9
Let p be 30*(-12)/(-54)*(-12)/(-2). Let f be (-4)/10 + 306/15. What is the highest common divisor of p and f?
20
Let r = -9 - -24. Let f be (